ose 0 = -5*n + 99 + 41. Suppose -n = 3*t - 7. What is the remainder when 193 is divided by z(t)?
46
Let d = 24 + -2. Suppose -15*k + 9*k = -12. Suppose -k*v + 4*s = -s + 4, 16 = 3*v - 2*s. Calculate the remainder when d is divided by v.
6
Suppose 4*a - 68 = 4*u, -5*a + 85 = -5*u + 4*u. Suppose -a*q + 181 = -414. What is the remainder when 49 is divided by q?
14
Let i = 75923 - 75887. Let x = -168 + 252. Calculate the remainder when x is divided by i.
12
Suppose -27675 = -12*h + 135849. Calculate the remainder when h is divided by 47.
44
Suppose -f + 2 = -0. Let i be 247/(-130) - f/20. Let o = 7 - i. What is the remainder when 23 is divided by o?
5
Calculate the remainder when (510/24*-6)/((15/(-32))/5) is divided by 123.
7
Suppose 3062*q = 3060*q + 10. What is the remainder when 928 is divided by q?
3
Let c(r) = 3*r**2 + 59 + 19*r - 43 - 2*r**2. Let y be c(-7). Let w = y - -88. Calculate the remainder when w is divided by 11.
9
Suppose 3*y + 22 = -2, -2*y - 39704 = -4*j. What is the remainder when j is divided by 14?
10
Let t be ((-1)/3 - -1)/(58/348). Suppose 5*m + 25 + 53 = t*l, 2 = -m. Calculate the remainder when 150 is divided by l.
14
Let o(w) = 21*w**2 - 2. Let p(a) = 4*a**2 - 141*a - 93. Let u be p(36). Let s(n) = 6*n - 62. Calculate the remainder when o(-2) is divided by s(u).
26
Let i = 13244 - 13216. Calculate the remainder when 399 is divided by i.
7
Suppose -2*q = -2*y + 14 + 2, 4*q - 2*y = -34. What is the remainder when (-26)/351*q*(-534)/(-2) is divided by 5?
3
Let j(f) = 40*f - 36. Let x be j(3). Suppose -69*a - 2265 = -x*a. What is the remainder when a is divided by 23?
13
Let z(g) = -32*g**3 + 4*g**2 - 18*g - 50. Let k be z(-3). Let p = k - 682. What is the remainder when p is divided by 34?
18
Suppose -43 = -34*d + 59. What is the remainder when 44 is divided by (-340)/(-102) - 1/d?
2
Calculate the remainder when 198 is divided by (630/(-10) + 11)*(-1)/4.
3
Let n be (6 - 2) + (-20)/5. Let x be (-1 - -1 - n)/3. Suppose x = -4*o + 17 + 155. What is the remainder when o is divided by 22?
21
Let m be (9/(-12))/(1/(-4)) + -3. Calculate the remainder when 15 is divided by -3 - (2 - m)*11/(-2).
7
Suppose -p - 2*a = -6*p + 308, -3*p + 4*a = -196. Suppose -7*d + p = -2*d. Let b(l) = l + 2. What is the remainder when b(d) is divided by 3?
2
Let g = 327 - 38. Suppose 12*v - g - 191 = 0. What is the remainder when 879 is divided by v?
39
Let s = -3629 - -3639. What is the remainder when 629 is divided by s?
9
Let x be (-14349)/(-3) + 4 + 2/2. Suppose 0 = -39*t + 46*t - x. What is the remainder when t is divided by 49?
47
Let d = -1687 + 1708. Calculate the remainder when 394 is divided by d.
16
Let d(y) = -19*y**3 - 21*y**2 + 2*y - 32. What is the remainder when d(-5) is divided by 113?
0
Let y(p) = 6*p**2 - 4 - p**2 + 2*p - p**3 - 4*p**2. Suppose 3*v - 63 = -3*t, 2*t = -4*v - 0*v + 48. Calculate the remainder when y(-4) is divided by t.
14
Let r = -14604 + 14668. Calculate the remainder when 2387 is divided by r.
19
Let a be 2/(-15)*-3*20. Let h(g) = -9*g + 20*g**2 - 6 - 7*g**2 - 2 - 11*g**2. What is the remainder when h(a) is divided by 17?
14
Suppose -77*s = -446622 + 446391. Let p(h) = h - 6. Let g be p(6). Suppose -4*a + 38 - 6 = g. Calculate the remainder when a is divided by s.
2
Suppose a - 63 = 20. Let h = a - 17. Let z = h - 28. Calculate the remainder when z is divided by 13.
12
Suppose -3*v = -3*v + 3*v. Suppose v = i + 10*i - 495. Calculate the remainder when 47 is divided by ((-54)/i)/((-3)/15).
5
Suppose -4*x - 8976 = -21*x. Let r(m) = -m**3 + 3*m + 3. Let f be r(-2). Suppose 9*l - f*l - x = 0. What is the remainder when l is divided by 27?
24
Suppose 12 = -10*w + 8*w, -2*j + w = -50. What is the remainder when 955 is divided by j?
9
Let a = 16 - 40. Let d = 28 + a. What is the remainder when -14*(-3 + 5)/(-2) is divided by d?
2
Calculate the remainder when 458 is divided by 5 + (-4)/(-10) - 6/(-10).
2
Suppose -37*u + 34*u + 633 = 0. Calculate the remainder when u is divided by 48.
19
Let j be (24/15)/((-4)/(-20)). Suppose j = a - 20. What is the remainder when 139 is divided by a?
27
Let k(h) = 38 - 27*h - 41 + 12*h - 3*h**2 + h**2. What is the remainder when 222 is divided by k(-6)?
12
What is the remainder when (-922)/(-6) + 2/(-3) is divided by 1143/(-5715)*(-48 + -2)?
3
Let n(h) = 19*h**2 + 12*h + 11. Let a(q) = 2*q**2 + 31*q + 38. Let r be a(-14). Calculate the remainder when n(r) is divided by 34.
29
Let l = 11436 + -11343. Suppose -2*i + 2300 = 3*i. Calculate the remainder when i is divided by l.
88
Let c(i) = 5*i + 63. Let r be c(-5). Calculate the remainder when (-10)/((-4)/r + (-480)/(-6726)) is divided by 50.
45
Suppose 2*d + 3*t = -7, -t = 10*d - 6*d + 9. Let b(o) = -40*o + 2. What is the remainder when b(d) is divided by 28?
26
Let i = -11649 + 11693. What is the remainder when 524 is divided by i?
40
Suppose 11*d - 8*d - 198 = 4*z, 0 = -z - 3. Suppose 5*m + 138 + 147 = 0. Let k = d - m. What is the remainder when k is divided by 62?
57
Suppose -78*d + 105*d - 10244 - 6604 = 0. Calculate the remainder when d is divided by 108.
84
Let r be (0 + (-10)/(-6))*3. Suppose 0 = -4*g - 4, -1 = 5*b + 2*g + 1. Suppose r*c - 100 = -b*c. What is the remainder when c is divided by 7?
6
Suppose 10*p - 2735 - 6750 = 22915. Calculate the remainder when p is divided by 191.
184
Let n(p) = 12*p**2 - 11*p + 5. What is the remainder when n(2) is divided by 6/14 - (1 - 180/21)?
7
Suppose p - 3*k = -734, 3*p = 3*k + 310 - 2482. Let c = -701 - p. Suppose -2*z = -0*z - 62. Calculate the remainder when z is divided by c.
13
Calculate the remainder when 506 is divided by (((-270)/(-36))/15)/(2/36).
2
Let h(k) = 5*k**2 - 32*k + 148. Let o be ((-15)/(-3) - 7) + 8. What is the remainder when h(o) is divided by 23?
21
Suppose -4*b + 43 = 4*a - b, 25 = a - 4*b. Let v(d) be the first derivative of 2*d**2 - 31*d + 95. What is the remainder when 59 is divided by v(a)?
17
Let x = -27786 + 28569. Calculate the remainder when x is divided by 762.
21
Let a(p) be the third derivative of 5*p**4/24 + 8*p**3 - 22*p**2. Let h be a(-24). Let b = 131 + h. Calculate the remainder when b is divided by 10.
9
Suppose -46*n - 7383064 + 7392356 = 0. Suppose 10 = v + v. What is the remainder when n is divided by 6*v - (1 - 0)?
28
Let z(c) = -25*c - 384. What is the remainder when z(-18) is divided by 37?
29
Let g(z) = z**3 - 4*z**2 - 5*z - 19. Let o be g(6). Suppose -7*x - b = -4*x - o, 2*b - 10 = -2*x. Calculate the remainder when 37 is divided by x.
1
Let p(m) = 77*m**2 + 8*m + 12. What is the remainder when 761 is divided by p(-1)?
32
Let s(t) = -t**2 + 25*t + 11. Let j(g) = -39*g - 100. Let d be j(-3). Calculate the remainder when s(d) is divided by 19.
14
Let n(u) = 5*u - 150. Let m be n(31). Suppose 68 = -21*j + 23*j - m*r, 2*j + 5*r - 28 = 0. Calculate the remainder when j is divided by 11.
2
Let m(f) = -7*f + 157. Let l be m(-32). Suppose 3*n + 4*j = 1148, 0*n - n + l = j. Calculate the remainder when n is divided by 13.
12
Let g = 3450 - 3362. What is the remainder when g is divided by 2?
0
Let j(i) = 2*i**3 + 4*i**2 - i - 3. Let r be j(-4). Let n = 98 + r. Let f = -3924 + 4062. Calculate the remainder when f is divided by n.
33
Let m(x) = -x**3 + 6*x**2 + 10. Suppose 18 + 30 = 12*a. What is the remainder when m(a) is divided by 9?
6
Suppose -6*n + n = -165. Suppose -100*g - 18*g + 992 = -660. What is the remainder when n is divided by g?
5
Let w = -147 - -800. What is the remainder when w is divided by 9?
5
Suppose 12 = -x + 5*t, 0 = 4*x - 0*t + t - 15. Suppose 3*s + 0 - 6 = 2*l, -l - 3*s - x = 0. Calculate the remainder when 168 is divided by l*(-22 - 15/(-5)).
54
Suppose 34*l + 5*l - 3315 = 0. Suppose 0 = -l*s + 88*s - 261. Calculate the remainder when s is divided by 40.
7
Suppose 10*b = 6*b. Let q(j) = -6*j + 13*j + b - 1. Calculate the remainder when q(4) is divided by 5.
2
Calculate the remainder when 6923 + (1*(-20)/25)/(4/10) is divided by 43.
41
Suppose 0 = 5*v + 4*v - 378. Let b(x) = x**2 - 40*x - 66. What is the remainder when b(v) is divided by 6?
0
Suppose -10 + 22 = 3*h. Suppose -5 - 27 = -h*x. Calculate the remainder when 51 is divided by x.
3
Suppose 34*c - 37*c - 14*c = -2278. What is the remainder when 366 is divided by c?
98
